{"id":1624,"date":"2017-06-16T11:15:07","date_gmt":"2017-06-16T11:15:07","guid":{"rendered":"http:\/\/duduleds.synology.me\/wordpress\/?page_id=1624"},"modified":"2021-01-21T13:32:15","modified_gmt":"2021-01-21T12:32:15","slug":"carte","status":"publish","type":"page","link":"http:\/\/duduleds.synology.me\/wordpress\/carte\/","title":{"rendered":"Carte"},"content":{"rendered":"<p>\n<!-- iframe plugin v.4.5 wordpress.org\/plugins\/iframe\/ -->\n<iframe src=\"https:\/\/duduleds.synology.me\/my_scripts\/index.html\" height=\"600px\" width=\"100%\" scrolling=\"yes\" class=\"iframe-class\" frameborder=\"0\"><\/iframe>\n<br \/>\n<strong><a href=\"http:\/\/duduleds.synology.me\/my_scripts\/index.html\">Version plein \u00e9cran<\/a><\/strong><\/p>\n<p><!--\n<span style=\"color: #999999;\">Remarque :\u00a0<em>Les images sont en basse d\u00e9finition (en attendant d'avoir un minimum de d\u00e9bit pour les uploader...).<\/em>\nFonctionnement :\n- Simple clic sur la carte : cacher l'image.\n- Simple clic sur l'image : afficher l'image dans un nouvel onglet.\n- Simple clic sur un groupe : afficher la premi\u00e8re image du groupe.\n- Shift-clic gliss\u00e9 : zoomer dans un cadre.\n- Double clic sur un groupe : zoomer pour avoir une vue \u00e9clat\u00e9e du groupe.\n- Boutons \"&lt; \/ &gt;\" : aller \u00e0 l'image pr\u00e9c\u00e9dente \/ suivante.\n- Boutons \"+ \/ -\" ou molette : zoomer \/ d\u00e9-zoomer.\n- Bouton calques : changer le fond de carte.\n- Bouton \"+\" en bas \u00e0 droite : r\u00e9-afficher l'image.<\/span>\n--><\/p>\n<p><!-- [iframe width=\"100%\" height=\"576\" src=\"https:\/\/maphub.net\/embed\/33462?panel=1\" frameborder=\"0\"] [iframe src=\"https:\/\/www.google.com\/maps\/d\/embed?mid=19Xd-4Jur1DmfrpldvkHsRAxfwoQ3iPRt&t=h&z=1\" width=\"100%\" height=\"480\"] [iframe width=\"100%\" height=\"600px\" frameBorder=\"0\" src=\"https:\/\/umap.openstreetmap.fr\/fr\/map\/dadou-world-tour_236584?scaleControl=true&amp;miniMap=false&amp;scrollWheelZoom=true&amp;zoomControl=null&amp;allowEdit=false&amp;moreControl=false&amp;searchControl=true&amp;datalayersControl=expanded&amp;tilelayersControl=true&amp;embedControl=null&amp;captionBar=false&amp;onLoadPanel=databrowser&amp;fullscreenControl=false\"] --><br \/>\n<!-- [iframe width=\"100%\" height=\"600px\" frameBorder=\"0\" src=\"https:\/\/umap.openstreetmap.fr\/fr\/map\/dadou-world-tour_236584?scaleControl=true&amp;miniMap=false&amp;scrollWheelZoom=true&amp;zoomControl=null&amp;allowEdit=false&amp;moreControl=false&amp;searchControl=true&amp;datalayersControl=expanded&amp;tilelayersControl=false&amp;embedControl=null&amp;captionBar=false&amp;onLoadPanel=null&amp;fullscreenControl=false\"] --><br \/>\n<!-- [iframe title=\"Place.Guru embedded map\" width=\"100%\" height=\"600px\" frameborder=\"0\" src=\"\/\/place.guru\/embed\/l\/rrwg7ba-6yhqqel-0wqfsld\"] --><br \/>\n<!-- [iframe src=\"https:\/\/www.google.com\/maps\/d\/embed?mid=19Xd-4Jur1DmfrpldvkHsRAxfwoQ3iPRt&z=2\" width=\"100%\" height=\"480\"] --><br \/>\n<!-- [iframe width=\"100%\" height=\"500px\" frameBorder=\"0\" src=\"https:\/\/umap.openstreetmap.fr\/fr\/map\/tour-du-monde_125154?scaleControl=true&amp;miniMap=false&amp;scrollWheelZoom=true&amp;zoomControl=null&amp;allowEdit=false&amp;moreControl=false&amp;searchControl=null&amp;tilelayersControl=null&amp;embedControl=null&amp;datalayersControl=expanded&amp;onLoadPanel=none&amp;captionBar=false&amp;fullscreenControl=true\"] --><br \/>\n<!-- [iframe width=\"100%\" height=\"600\" frameborder=\"0\" scrolling=\"false\" src=\"https:\/\/spotwalla.com\/embed.php?id=14ae25936ffbae7b2c&amp;showHome=yes\"] [iframe width=\"100%\" height=\"600\" src=\"https:\/\/spotwalla.com\/myLocation.php?id=4b5e5936f8a0d21fc&format=map&mapType=normal&scale=on&scrollZoom=on&traffic=off\"] --><br \/>\n<!--\n\n\n<div id=\"map\" style=\"height:450px; width:100%; overflow: hidden;\"><\/div>\n\n\n<script>\nvar map;\nfunction initMap() {\nmap = new google.maps.Map(document.getElementById('map'), {}); \nloadKmlLayer('http:\/\/duduleds.synology.me\/wordpress\/wp-content\/uploads\/test.kmz', map);\nloadKmlLayer('http:\/\/duduleds.synology.me\/wordpress\/wp-content\/uploads\/mypts.kmz', map);\n}\nfunction loadKmlLayer(src, map) {var kmlLayer = new google.maps.KmlLayer(src, {suppressInfoWindows: false, preserveViewport: false, map: map});}\n<\/script>\n<script async defer src=\"https:\/\/maps.googleapis.com\/maps\/api\/js?key=AIzaSyCjpljXcZ4mxH5Jh05LnB3bB3r_Ww5e8Y4&callback=initMap\"><\/script>\n--><\/p>\n","protected":false},"excerpt":{"rendered":"<p>Version plein \u00e9cran<\/p>\n","protected":false},"author":1,"featured_media":0,"parent":0,"menu_order":0,"comment_status":"closed","ping_status":"closed","template":"","meta":[],"_links":{"self":[{"href":"http:\/\/duduleds.synology.me\/wordpress\/wp-json\/wp\/v2\/pages\/1624"}],"collection":[{"href":"http:\/\/duduleds.synology.me\/wordpress\/wp-json\/wp\/v2\/pages"}],"about":[{"href":"http:\/\/duduleds.synology.me\/wordpress\/wp-json\/wp\/v2\/types\/page"}],"author":[{"embeddable":true,"href":"http:\/\/duduleds.synology.me\/wordpress\/wp-json\/wp\/v2\/users\/1"}],"replies":[{"embeddable":true,"href":"http:\/\/duduleds.synology.me\/wordpress\/wp-json\/wp\/v2\/comments?post=1624"}],"version-history":[{"count":1,"href":"http:\/\/duduleds.synology.me\/wordpress\/wp-json\/wp\/v2\/pages\/1624\/revisions"}],"predecessor-version":[{"id":4372,"href":"http:\/\/duduleds.synology.me\/wordpress\/wp-json\/wp\/v2\/pages\/1624\/revisions\/4372"}],"wp:attachment":[{"href":"http:\/\/duduleds.synology.me\/wordpress\/wp-json\/wp\/v2\/media?parent=1624"}],"curies":[{"name":"wp","href":"https:\/\/api.w.org\/{rel}","templated":true}]}}